pose -4*y + 1 + 3 = 0. Let f be y - 1/(-3)*0. Calculate the highest common divisor of a and f.
1
Let t(p) = p**3 + 9*p**2 + 4*p - 11. Let m be t(-7). Let w = m - -13. What is the highest common factor of w and 18?
18
Suppose 2*m - 62 = 5*r, -3*r - 23 = 5*m - 116. Calculate the greatest common divisor of m and 14.
7
Let w be (28/6)/(3/18). Suppose 5*r - r = -w. Let n be 2/r + 111/21. Calculate the highest common divisor of n and 45.
5
Let s(v) = -v**2 + 7*v - 6. Let u be s(4). Let c(m) = -m**3 + 10*m**2 - 4*m - 5. Let x be c(u). What is the greatest common divisor of 23 and x?
23
Let m(p) = -p**3 + 9*p**2 - 8*p - 4. Let k be m(6). Let y = k + -40. Calculate the greatest common divisor of 32 and y.
16
Suppose 5*a - 5*o - 50 = 0, -3*a + 4*a - 15 = 2*o. Suppose -3*c = -a*c + 48. What is the greatest common factor of 8 and c?
8
Let n(u) = u**2 + 5*u + 6. Let f be n(-5). Let l be ((-2)/(-4))/(f/(-168)). Let d be l/(-10) - (-2)/(-5). What is the greatest common divisor of 2 and d?
1
Suppose 246 + 114 = 6*u. What is the greatest common factor of u and 40?
20
Let z(q) = -q**3 - 8*q**2 + 5*q + 13. Let l be z(-9). Let n = l + -31. What is the highest common factor of 54 and n?
18
Let c = 6 - 1. Let v = -1 + 11. Let f = v - c. What is the highest common factor of f and 5?
5
Let p be (15/(-6))/((-1)/2). Suppose p*b - 20 = 15. Calculate the greatest common factor of b and 28.
7
Let q(k) = k - 3. Let z be q(10). Suppose -2*v + 19 = 3*y, 5*y + 2 = z. What is the highest common factor of 40 and v?
8
Let i = 51 + -18. Calculate the greatest common factor of 132 and i.
33
Let q be 2*1/(-2) + -24. Let w be q/(-3) + (-4)/(-6). Calculate the highest common factor of w and 18.
9
Suppose 0 = -k - k + 18. Suppose -3*r + z + 48 - 11 = 0, r + 3*z = k. Calculate the highest common factor of r and 12.
12
Let n = 0 + 14. Calculate the greatest common divisor of n and 49.
7
Suppose -75 = -4*j + j. Suppose 0*a + j = 5*a. Suppose -z + 2*p = 5*p - 46, -4*z + a*p = -150. Calculate the highest common factor of z and 10.
10
Suppose 60 = 7*s - 66. What is the highest common divisor of 45 and s?
9
Let n(p) = 3*p**3 - 7*p - 2. Let j be n(5). Suppose 3*s - j = k - 6*k, -2*k - 5*s = -120. Calculate the greatest common divisor of 10 and k.
10
Let j(t) = -34*t - 3. Let g be j(-2). Calculate the greatest common factor of g and 26.
13
Let j be 1/(-2) + 410/(-4). Let b = j + 157. Let t be (-22)/(-4) + 5/10. Calculate the highest common factor of b and t.
6
Let i be 120/(-4)*4/(-10). Let r be (-10 - 1)/(i/(-24)). What is the greatest common factor of r and 2?
2
Let h = -16 - -17. Let g be 1/(h/(-2))*-6. Calculate the greatest common divisor of g and 36.
12
Suppose 4*h - 83 = 3*w, -3*h = 2*w - 40 - 18. What is the highest common divisor of h and 60?
20
Let g(c) = -8*c - 2. Let x be g(-4). Suppose 3*n - 7 = 8. Calculate the greatest common factor of x and n.
5
Let p be -3 + 29 + (-1 - -3). Suppose -f + 8 = x, -3*f + f + x = -p. Let b(l) = -2*l - 9. Let d be b(-6). What is the highest common factor of d and f?
3
Suppose s - 3*g = -s + 29, 4*g = 2*s - 32. Calculate the highest common factor of 80 and s.
10
Let f(w) = w**2 - 9*w + 6. Let h be f(11). What is the highest common divisor of 7 and h?
7
Let z be (10/3)/(4/6). Suppose z*l = -2*m - 1, 4*m + 2 = 3*l + 13. Suppose 0 = -n - 23 + 31. What is the highest common factor of n and m?
2
Let l(m) = 6*m - 36. Let n be l(9). Let y = -142 + 214. Calculate the highest common factor of n and y.
18
Let l be 90/20*(1 - -13). What is the highest common factor of l and 7?
7
Let k(t) = 2*t**2 - 3*t - 5. Let v be k(5). Calculate the greatest common factor of v and 6.
6
Suppose 4*r - 26 = -10. Suppose -3*q - a + 84 = -4*a, -r*q + 107 = a. What is the greatest common factor of 9 and q?
9
Let y(c) = -2*c - 3. Let t be y(-3). Suppose -t*m = 2*v - 43, 3*m + v = -2*m + 81. Calculate the greatest common factor of m and 85.
17
Let x be 225/2*4/6. What is the highest common factor of x and 30?
15
Let g be 1*1*-14*-5. Suppose 0 = 2*m - 10 - 0. Suppose 2*h = 4*d - g + 180, m*h + d - 275 = 0. Calculate the greatest common factor of 11 and h.
11
Let r be 2592/10 + 16/20. Suppose 26 = 4*k - 78. What is the greatest common divisor of r and k?
26
Let c(u) = u**3 + 10*u**2 + 4*u + 9. Let y be 325/(-35) + (-2)/(-7). Let z be c(y). Calculate the highest common factor of 6 and z.
6
Let o(u) = 2*u**2 + 5*u - 4 + 2 + 4. Let p be o(-4). Suppose 0 = 3*g, 2*g - 42 = -3*d + g. What is the greatest common divisor of p and d?
14
Let n = -49 - -115. What is the greatest common divisor of 22 and n?
22
Let b be (-3)/(6/(-8)) + -1. Let n = 188 + -176. Calculate the highest common divisor of n and b.
3
Let f be -6*(1 - 0 - 23). Let s(j) = 5*j + 2. Let q be s(2). Calculate the greatest common factor of q and f.
12
Let b(p) = p**3 - 17*p**2 - 16*p - 10. Let s be b(18). What is the greatest common factor of 52 and s?
26
Let m be 1/(-1) - -18 - 3. What is the greatest common divisor of 56 and m?
14
Let v(d) = 431*d**3 - d**2 + d - 2. Let b be v(1). Calculate the greatest common divisor of 33 and b.
33
Let i(y) = -10*y + 7. Let c be i(4). Let j = 51 + c. Calculate the greatest common divisor of j and 2.
2
Let y(n) = -n**2 - n + 4. Let t be y(0). Suppose 4*o = 5*f + 335, 0 = -t*o + 4*f + 85 + 247. What is the highest common factor of o and 20?
20
Let q(z) = 8*z - 2. Let d be q(1). Calculate the highest common factor of d and 15.
3
Let g(v) = 2*v**2 - 7*v + 12. Let s(c) = -8*c**2 + 28*c - 47. Let d(l) = 9*g(l) + 2*s(l). Let n be d(6). What is the greatest common divisor of n and 11?
11
Suppose 305 = 4*p - x - 2*x, 2*p - 4*x - 150 = 0. Let n = 20 + -9. What is the greatest common factor of p and n?
11
Suppose 4*y + r + r - 40 = 0, 2*r = -2*y + 18. Let w = 13 - 24. Let p = 22 + w. What is the greatest common factor of p and y?
11
Suppose 0 = -17*f + 18*f - 13. Let y be (0 - -13)*7*1. What is the highest common divisor of f and y?
13
Let u(d) = 3*d**2 + 4*d + 1. Suppose l - 10 = -4*l. Let c be l - -1*(2 + -1). Let v be u(c). Calculate the highest common factor of 10 and v.
10
Let g = -13 - -15. What is the highest common factor of 8 and g?
2
Let t be (-3)/((-6)/10)*1. Let y = 7 - 5. Suppose -f = -8 - y. What is the highest common divisor of t and f?
5
Suppose 3*f = 2*f + 3. Suppose d - 20 = 4*j, 0 = -d + 2*d - f*j - 16. Suppose -d*z + 255 = z. Calculate the highest common divisor of z and 17.
17
Let r(s) = -3*s**3 - 2*s - 1. Let v(w) = -w - 5. Let o be v(-4). Let i be r(o). Suppose x = -i*x + 20. Calculate the highest common divisor of x and 28.
4
Let o(r) = 3*r**2 - 4*r - 3. Let v be o(-2). Let q be ((-4)/5)/(6/15). Let s(h) = -10*h - 3. Let i be s(q). Calculate the greatest common divisor of i and v.
17
Let m be ((-18)/4)/((-6)/56). Calculate the highest common divisor of 6 and m.
6
Let j be 0/(6/2 - 5). Suppose f + j*f - 70 = 0. Calculate the greatest common factor of f and 10.
10
Suppose 2*k = 7*k - 20, k = -2*b + 24. Let i be (-21)/2*16/(-6). Suppose -2*n - i = 3*z - 290, -3*n - 102 = -z. Calculate the greatest common factor of b and z.
10
Let c be 7/21 + (-51)/(-9). Calculate the highest common factor of c and 12.
6
Let t = -2 + 9. Suppose -8*z + 2 = -6. What is the greatest common factor of t and z?
1
Suppose -2*i - 8 = -x, x + 6 = i + 3*x. Let b be i - (-5)/(20/16). Suppose 6 = 3*y - 4*f - 9, 5 = y + 4*f. Calculate the highest common factor of b and y.
1
Let t = 14 + -1. Calculate the highest common divisor of t and 13.
13
Let f(c) = 3*c**3 + c**2 + c + 2. Let j be f(2). Let x be (j/3)/4*3. What is the highest common divisor of 20 and x?
4
Let h(m) = m**3 - 5*m + 4. Let y be h(3). Suppose -56 = -d - 16. Calculate the highest common factor of y and d.
8
Suppose -72 = -b + 80. What is the highest common factor of 19 and b?
19
Suppose -x - 5*o = 9, -15 = 2*x - 4*o - 39. Calculate the greatest common divisor of x and 54.
6
Let m = -156 + 206. What is the highest common divisor of m and 80?
10
Suppose -5*u + 10 = 0, -4*r - r + 3*u = -49. Calculate the greatest common factor of r and 11.
11
Suppose -5*p + 52 = -p. Suppose 0 = -3*g - 0*g + 12. Let b be (-366)/(-7) - g/14. What is the highest common factor of p and b?
13
Suppose 3*p + 20 = 35, 3*p = 4*o - 129. Let l be -1 - -2 - (2 + -25). What 